 25693
List the prime factors of 91573534.
2, 13, 23, 153133
List the prime factors of 118128705.
3, 5, 67, 117541
What are the prime factors of 51263040?
2, 3, 5, 67, 797
List the prime factors of 2490183141.
3, 8537, 97231
List the prime factors of 14746198.
2, 7373099
What are the prime factors of 87453253?
17, 5144309
List the prime factors of 26596387.
67, 71, 5591
List the prime factors of 67820915.
5, 13564183
List the prime factors of 581640565.
5, 11, 1249, 8467
What are the prime factors of 344760525?
3, 5, 643, 2383
List the prime factors of 37729726.
2, 673, 28031
List the prime factors of 917594989.
53, 17313113
What are the prime factors of 656331792?
2, 3, 1069, 12791
What are the prime factors of 3523467540?
2, 3, 5, 19, 3090761
What are the prime factors of 3170210279?
71, 4507, 9907
What are the prime factors of 19037182?
2, 131, 72661
What are the prime factors of 25450520?
2, 5, 636263
What are the prime factors of 926273407?
17, 54486671
What are the prime factors of 4074358699?
601, 6779299
What are the prime factors of 86270375?
5, 690163
List the prime factors of 472950188.
2, 118237547
What are the prime factors of 352795334?
2, 67, 2632801
What are the prime factors of 1276759378?
2, 19, 33598931
List the prime factors of 1752258335.
5, 23, 15237029
What are the prime factors of 1283816?
2, 383, 419
What are the prime factors of 3564986?
2, 1782493
List the prime factors of 226201930.
2, 5, 43, 526051
What are the prime factors of 39623360?
2, 5, 7, 19
List the prime factors of 2125266745.
5, 7, 101, 601207
List the prime factors of 236273889.
3, 78757963
What are the prime factors of 89945896?
2, 11243237
List the prime factors of 3978947776.
2, 19, 172219
What are the prime factors of 251776972?
2, 163, 386161
List the prime factors of 3424763217.
3, 1141587739
What are the prime factors of 51798842?
2, 4703, 5507
What are the prime factors of 95639730?
2, 3, 5, 19, 8831
What are the prime factors of 2657388770?
2, 5, 10259, 25903
List the prime factors of 1548097901.
7, 233, 949171
List the prime factors of 292162769.
43, 6794483
List the prime factors of 1191569365.
5, 7, 2129, 15991
What are the prime factors of 548765560?
2, 5, 7, 293, 6689
List the prime factors of 919918984.
2, 2579, 44587
List the prime factors of 56000553.
3, 7, 2666693
What are the prime factors of 123555815?
5, 24711163
List the prime factors of 1894335708.
2, 3, 191, 826499
List the prime factors of 1244161026.
2, 3, 101, 149, 1531
What are the prime factors of 25632552?
2, 3, 11, 151, 643
List the prime factors of 254594212.
2, 63648553
List the prime factors of 22100729.
7, 37, 85331
What are the prime factors of 444070784?
2, 31, 111913
What are the prime factors of 163197356?
2, 7, 887, 6571
List the prime factors of 1448405003.
1448405003
List the prime factors of 271119089.
2017, 134417
List the prime factors of 27357967.
7, 13, 19, 15823
List the prime factors of 1012071938.
2, 506035969
What are the prime factors of 702341923?
29, 24218687
What are the prime factors of 66908911?
1201, 55711
List the prime factors of 2801485349.
13, 215498873
What are the prime factors of 1065120874?
2, 29, 283, 64891
List the prime factors of 196767010.
2, 5, 11, 17, 139, 757
List the prime factors of 18952054.
2, 11, 83, 97, 107
What are the prime factors of 61156433?
13, 131, 35911
What are the prime factors of 4101027508?
2, 499, 2054623
What are the prime factors of 60612942?
2, 3, 13, 59, 13171
What are the prime factors of 1720384690?
2, 5, 29, 5932361
What are the prime factors of 3936629849?
3936629849
What are the prime factors of 3410185983?
3, 1136728661
List the prime factors of 32446992.
2, 3, 675979
List the prime factors of 41834066.
2, 29, 31, 53, 439
List the prime factors of 51074680.
2, 5, 1276867
What are the prime factors of 357779000?
2, 5, 357779
List the prime factors of 200174456.
2, 17, 139, 10589
What are the prime factors of 334760508?
2, 3, 47, 53, 3733
What are the prime factors of 1679183047?
53, 283, 111953
What are the prime factors of 181979360?
2, 5, 881, 1291
What are the prime factors of 159095066?
2, 13, 6119041
List the prime factors of 64579798.
2, 32289899
List the prime factors of 10825606.
2, 11, 263, 1871
What are the prime factors of 35279864?
2, 271, 16273
List the prime factors of 54783068.
2, 13695767
What are the prime factors of 909974?
2, 13, 31, 1129
List the prime factors of 89008637.
109, 816593
List the prime factors of 31848666.
2, 3, 5308111
List the prime factors of 965682841.
17, 89, 787, 811
List the prime factors of 351602697.
3, 8419, 13921
List the prime factors of 80306560.
2, 5, 179, 701
List the prime factors of 42445272.
2, 3, 1768553
What are the prime factors of 281996545?
5, 101, 337, 1657
What are the prime factors of 32867415?
3, 5, 7, 151, 691
What are the prime factors of 3333467088?
2, 3, 7, 1102337
What are the prime factors of 239762940?
2, 3, 5, 61, 109, 601
What are the prime factors of 59481200?
2, 5, 37, 4019
What are the prime factors of 143414150?
2, 5, 11, 260753
What are the prime factors of 38650568?
2, 11, 53, 8287
List the prime factors of 37154743.
37154743
What are the prime factors of 3116029842?
2, 3, 12491, 13859
What are the prime factors of 3136911?
3, 53, 109, 181
List the prime factors of 132998968.
2, 3319, 5009
List the prime factors of 30747965.
5, 61, 73, 1381
List the prime factors of 74195976.
2, 3, 23, 139, 967
What are the prime factors of 20273425?
5, 43, 18859
What are the prime factors of 253194742?
2, 67, 107, 17659
What are the prime factors of 29458016?
2, 7, 18787
What are the prime factors of 1223043280?
2, 5, 15288041
List the prime factors of 681149890.
2, 5, 68114989
What are the prime factors of 1118344331?
13, 41, 97, 223
What are the prime factors of 1375438553?
61, 167, 135019
What are the prime factors of 1266221681?
1266221681
List the prime factors of 47560548.
2, 3, 7, 223, 2539
List the prime factors of 716251640.
2, 5, 13, 1377407
What are the prime factors of 33421693?
37, 83, 10883
List the prime factors of 15867685.
5, 3173537
What are the prime factors of 660858695?
5, 7, 18881677
List the prime factors of 960881220.
2, 3, 5, 13, 283, 1451
What are the prime factors of 467481123?
3, 73, 711539
What are the prime factors of 456383093?
719, 634747
What are the prime factors of 49676445?
3, 5, 7, 13, 1733
What are the prime factors of 203924210?
2, 5, 7, 23, 5507
What are the prime factors of 92859053?
7, 13265579
List the prime factors of 1094616131.
7, 419, 373207
List the prime factors of 83179500.
2, 3, 5, 23, 2411
What are the prime factors of 49547275?
5, 1981891
What are the prime factors of 348589077?
3, 29, 101, 39671
List the prime factors of 460791239.
17, 59, 433, 1061
List the prime factors of 102003558.
2, 3, 17000593
What are the prime factors of 385506928?
2, 41, 593, 991
List the prime factors of 352320084.
2, 3, 31, 47, 2239
What are the prime factors of 252090887?
252090887
What are the prime factors of 868013154?
2, 3, 4567, 10559
List the prime factors of 91546340.
2, 5, 4577317
What are the prime factors of 2733970639?
2733970639
What are the prime factors of 4617488902?
2, 13, 177595727
List the prime factors of 477827532.
2, 3, 7, 13, 48619
What are the prime factors of 1689195229?
1063, 1589083
List the prime factors of 7228502505.
3, 5, 7, 7649209
List the prime factors of 618426416.
2, 38651651
List the prime factors of 192363403.
113, 839, 2029
List the prime factors of 2012675936.
2, 62896123
What are the prime factors of 677287465?
5, 97, 1396469
What are the prime factors of 25544544?
2, 3, 266089
List the prime factors of 24263904.
2, 3, 7, 36107
List the prime factors of 4529039.
599, 7561
What are the prime factors of 39422319?
3, 13140773
List the prime factors of 57801277.
23, 157, 16007
List the prime factors of 623230768.
2, 2269, 17167
List the prime factors of 162197643.
3, 743, 72767
What are the prime factors of 651790780?
2, 5, 113, 288403
List the prime factors of 104203300.
2, 5, 53, 19661
What are the prime factors of 112135748?
2, 139, 201683
What are the prime factors of 580914719?
7, 11, 7544347
List the prime factors of 394161222.
2, 3, 7, 13, 37, 109, 179
List the pri